{"id":418,"date":"2013-03-22T21:35:31","date_gmt":"2013-03-22T20:35:31","guid":{"rendered":"http:\/\/multisite.dev\/risen\/?page_id=418"},"modified":"2022-05-08T19:33:48","modified_gmt":"2022-05-08T17:33:48","slug":"historie-3","status":"publish","type":"page","link":"https:\/\/kristiansund.katolsk.no\/?page_id=418","title":{"rendered":"Historie"},"content":{"rendered":"<h2><span style=\"font-size: 1.17em;\"><img loading=\"lazy\" decoding=\"async\" class=\" wp-image-1140 alignright\" alt=\"IMG_0002\" src=\"https:\/\/kristiansund.katolsk.no\/wp-content\/uploads\/2013\/03\/IMG_00021.jpg\" width=\"175\" height=\"124\">Opprettelse av misjonsstasjon\/annekskapell i 1932<\/span><\/h2>\n<p>&laquo;I denne, etter norske forhold betydelige by hadde der lenge v\u00e6rt tale om \u00e5 f\u00e5 et kirkelig sentrum for katolikkene i Nordm\u00f8re, og det var derfor naturlig at picpuspatrene tidlig henvendte sin oppmerksomhet p\u00e5 denne by. Allerede i 1932 lot den pater Witte \u00e5pne et annekskapell i et leid hus i Skolegaten 12, hvor det ogs\u00e5 ble innredet en liten leilighet for presten. Kapellet som fikk navn St. Eysteins kapell, ble forel\u00f8pig anneks til menigheten i Molde. Fra \u00e5pningsdagen den 15. desember 1932 ble der s\u00e5ledes no holdt regelmessig gudstjeneste hver s\u00f8ndag ved pater Guido Goer.&raquo; (K. Kjelstrup, Norvegia Catholica, Oslo 1942, s. 333.)<\/p>\n<p><span>&laquo;Den 12. september var det en merkedag for stasjonen i Kristiansund. Efterat den katolske kirke 12. desember 1932 hadde tatt fotfeste i Kristiansund ved \u00e5 \u00e5pne et kapell der i byen, kunde&nbsp;<\/span><span>stasjonen den 12. september 1934 oprettes som selvstendig menighet. Inntil dette tidspunkt h\u00f8rte katolikkene i Kristiansund til menigheten i Molde. I l\u00f8pet av v\u00e5ren 1934 hadde St. Carl Borromeuss\u00f8strene kj\u00f8pt en g\u00e5rd i Nordm\u00f8rsgate 3 som skulde innredes til klinikk. Den 16. juli flyttet s\u00f8strene inn i sitt nye hus, hvor overhyrden 3. august innviet kapellet for s\u00f8strene. &#8230; Klinikken vil kunne motta 10 \u00e1 12 patienter.<\/span>Opprettelse av menighet i 1934<\/p>\n<p>Det syntes nu, at tiden var inne for \u00e5 opprette en selvstendig menighet i Kristiansund. H\u00f8itideligheten foregikk den 12. september i sognekirken, Skolegaten 12. Overhyrden var kommet med pater Stelzmann fra Molde for \u00e5 foreta den minneverdige handling. Den lille katolske menighet og noen venner var m\u00f8tt frem i kapellet. Efterat salmen til den Hellig\u00e5nd var avsunget, opleste overhyrden forordningen om oprettelsen av menigheten. Den inneholdt erkl\u00e6ringen derom, fastla sogneprestens forvaltningsomr\u00e5de og bestemte St. Eystein til menighetens vernehelgen.&raquo; (Tidsskriftet St. Olav, \u00e5rg. 46, nr. 38\/1934 &#8211; 20. september 1934, s.282.)<\/p>\n<p>Territoriell avgrensning i 1934<\/p>\n<p>&laquo;Menigheten omfatter Kristiansunds by og dens opland Nordm\u00f8re: i nord og \u00f8st alle herreder til grensen av S\u00f8r-Tr\u00f8ndelag fylke, \u00f8yene Sm\u00f8la, Grip, Frei, Aver\u00f8y, dvs. og Kvernes herreder p\u00e5 Aver\u00f8y, i syd og vest danner Sunndalsfjorden grensen mellem Dt. Eystein og Molde menighet, dessuten h\u00f8rer \u00d8ksendal og Sunndal merreder til den nye menighet.&raquo; (Tidsskriftet St. Olav, \u00e5rg. 46, nr. 38\/1934 &#8211; 20. september 1934, s.282-283.)<\/p>\n\n\n<figure class=\"wp-block-gallery has-nested-images columns-default is-cropped wp-block-gallery-1 is-layout-flex wp-block-gallery-is-layout-flex\">\n<figure class=\"wp-block-image size-large\"><img loading=\"lazy\" decoding=\"async\" width=\"1153\" height=\"768\" data-id=\"81\" src=\"https:\/\/kristiansund.katolsk.no\/wp-content\/uploads\/2022\/04\/IMG_0030-Medium.jpg\" alt=\"\" class=\"wp-image-81\" srcset=\"https:\/\/kristiansund.katolsk.no\/wp-content\/uploads\/2022\/04\/IMG_0030-Medium.jpg 1153w, https:\/\/kristiansund.katolsk.no\/wp-content\/uploads\/2022\/04\/IMG_0030-Medium-300x200.jpg 300w, https:\/\/kristiansund.katolsk.no\/wp-content\/uploads\/2022\/04\/IMG_0030-Medium-1024x682.jpg 1024w, https:\/\/kristiansund.katolsk.no\/wp-content\/uploads\/2022\/04\/IMG_0030-Medium-768x512.jpg 768w\" sizes=\"auto, (max-width: 1153px) 100vw, 1153px\" \/><\/figure>\n\n\n\n<figure class=\"wp-block-image size-large\"><img loading=\"lazy\" decoding=\"async\" width=\"1150\" height=\"768\" data-id=\"80\" src=\"https:\/\/kristiansund.katolsk.no\/wp-content\/uploads\/2022\/04\/IMG_0029-Medium.jpg\" alt=\"\" class=\"wp-image-80\" srcset=\"https:\/\/kristiansund.katolsk.no\/wp-content\/uploads\/2022\/04\/IMG_0029-Medium.jpg 1150w, https:\/\/kristiansund.katolsk.no\/wp-content\/uploads\/2022\/04\/IMG_0029-Medium-300x200.jpg 300w, https:\/\/kristiansund.katolsk.no\/wp-content\/uploads\/2022\/04\/IMG_0029-Medium-1024x684.jpg 1024w, https:\/\/kristiansund.katolsk.no\/wp-content\/uploads\/2022\/04\/IMG_0029-Medium-768x513.jpg 768w\" sizes=\"auto, (max-width: 1150px) 100vw, 1150px\" \/><\/figure>\n\n\n\n<figure class=\"wp-block-image size-large\"><img loading=\"lazy\" decoding=\"async\" width=\"1150\" height=\"768\" data-id=\"79\" src=\"https:\/\/kristiansund.katolsk.no\/wp-content\/uploads\/2022\/04\/IMG_0028-Medium.jpg\" alt=\"\" class=\"wp-image-79\" srcset=\"https:\/\/kristiansund.katolsk.no\/wp-content\/uploads\/2022\/04\/IMG_0028-Medium.jpg 1150w, https:\/\/kristiansund.katolsk.no\/wp-content\/uploads\/2022\/04\/IMG_0028-Medium-300x200.jpg 300w, https:\/\/kristiansund.katolsk.no\/wp-content\/uploads\/2022\/04\/IMG_0028-Medium-1024x684.jpg 1024w, https:\/\/kristiansund.katolsk.no\/wp-content\/uploads\/2022\/04\/IMG_0028-Medium-768x513.jpg 768w\" sizes=\"auto, (max-width: 1150px) 100vw, 1150px\" \/><\/figure>\n\n\n\n<figure class=\"wp-block-image size-large\"><img loading=\"lazy\" decoding=\"async\" width=\"768\" height=\"1153\" data-id=\"78\" src=\"https:\/\/kristiansund.katolsk.no\/wp-content\/uploads\/2022\/04\/IMG_0027-Medium.jpg\" alt=\"\" class=\"wp-image-78\" srcset=\"https:\/\/kristiansund.katolsk.no\/wp-content\/uploads\/2022\/04\/IMG_0027-Medium.jpg 768w, https:\/\/kristiansund.katolsk.no\/wp-content\/uploads\/2022\/04\/IMG_0027-Medium-200x300.jpg 200w, https:\/\/kristiansund.katolsk.no\/wp-content\/uploads\/2022\/04\/IMG_0027-Medium-682x1024.jpg 682w\" sizes=\"auto, (max-width: 768px) 100vw, 768px\" \/><\/figure>\n\n\n\n<figure class=\"wp-block-image size-large\"><img loading=\"lazy\" decoding=\"async\" width=\"1152\" height=\"768\" data-id=\"77\" src=\"https:\/\/kristiansund.katolsk.no\/wp-content\/uploads\/2022\/04\/IMG_0026-Medium.jpg\" alt=\"\" class=\"wp-image-77\" srcset=\"https:\/\/kristiansund.katolsk.no\/wp-content\/uploads\/2022\/04\/IMG_0026-Medium.jpg 1152w, https:\/\/kristiansund.katolsk.no\/wp-content\/uploads\/2022\/04\/IMG_0026-Medium-300x200.jpg 300w, https:\/\/kristiansund.katolsk.no\/wp-content\/uploads\/2022\/04\/IMG_0026-Medium-1024x683.jpg 1024w, https:\/\/kristiansund.katolsk.no\/wp-content\/uploads\/2022\/04\/IMG_0026-Medium-768x512.jpg 768w\" sizes=\"auto, (max-width: 1152px) 100vw, 1152px\" \/><\/figure>\n\n\n\n<figure class=\"wp-block-image size-large\"><img loading=\"lazy\" decoding=\"async\" width=\"1152\" height=\"768\" data-id=\"76\" src=\"https:\/\/kristiansund.katolsk.no\/wp-content\/uploads\/2022\/04\/IMG_0025-Medium.jpg\" alt=\"\" class=\"wp-image-76\" srcset=\"https:\/\/kristiansund.katolsk.no\/wp-content\/uploads\/2022\/04\/IMG_0025-Medium.jpg 1152w, https:\/\/kristiansund.katolsk.no\/wp-content\/uploads\/2022\/04\/IMG_0025-Medium-300x200.jpg 300w, https:\/\/kristiansund.katolsk.no\/wp-content\/uploads\/2022\/04\/IMG_0025-Medium-1024x683.jpg 1024w, https:\/\/kristiansund.katolsk.no\/wp-content\/uploads\/2022\/04\/IMG_0025-Medium-768x512.jpg 768w\" sizes=\"auto, (max-width: 1152px) 100vw, 1152px\" \/><\/figure>\n\n\n\n<figure class=\"wp-block-image size-large\"><img loading=\"lazy\" decoding=\"async\" width=\"1153\" height=\"768\" data-id=\"70\" src=\"https:\/\/kristiansund.katolsk.no\/wp-content\/uploads\/2022\/04\/IMG_0020-Medium.jpg\" alt=\"\" class=\"wp-image-70\" srcset=\"https:\/\/kristiansund.katolsk.no\/wp-content\/uploads\/2022\/04\/IMG_0020-Medium.jpg 1153w, https:\/\/kristiansund.katolsk.no\/wp-content\/uploads\/2022\/04\/IMG_0020-Medium-300x200.jpg 300w, https:\/\/kristiansund.katolsk.no\/wp-content\/uploads\/2022\/04\/IMG_0020-Medium-1024x682.jpg 1024w, https:\/\/kristiansund.katolsk.no\/wp-content\/uploads\/2022\/04\/IMG_0020-Medium-768x512.jpg 768w\" sizes=\"auto, (max-width: 1153px) 100vw, 1153px\" \/><\/figure>\n\n\n\n<figure class=\"wp-block-image size-large\"><img loading=\"lazy\" decoding=\"async\" width=\"768\" height=\"1152\" data-id=\"71\" src=\"https:\/\/kristiansund.katolsk.no\/wp-content\/uploads\/2022\/04\/IMG_0021-Medium.jpg\" alt=\"\" class=\"wp-image-71\" srcset=\"https:\/\/kristiansund.katolsk.no\/wp-content\/uploads\/2022\/04\/IMG_0021-Medium.jpg 768w, https:\/\/kristiansund.katolsk.no\/wp-content\/uploads\/2022\/04\/IMG_0021-Medium-200x300.jpg 200w, https:\/\/kristiansund.katolsk.no\/wp-content\/uploads\/2022\/04\/IMG_0021-Medium-683x1024.jpg 683w\" sizes=\"auto, (max-width: 768px) 100vw, 768px\" \/><\/figure>\n\n\n\n<figure class=\"wp-block-image size-large\"><img loading=\"lazy\" decoding=\"async\" width=\"250\" height=\"177\" data-id=\"72\" src=\"https:\/\/kristiansund.katolsk.no\/wp-content\/uploads\/2022\/04\/IMG_00021.jpg\" alt=\"\" class=\"wp-image-72\"\/><\/figure>\n\n\n\n<figure class=\"wp-block-image size-large\"><img loading=\"lazy\" decoding=\"async\" width=\"1151\" height=\"768\" data-id=\"73\" src=\"https:\/\/kristiansund.katolsk.no\/wp-content\/uploads\/2022\/04\/IMG_0022-Medium.jpg\" alt=\"\" class=\"wp-image-73\" srcset=\"https:\/\/kristiansund.katolsk.no\/wp-content\/uploads\/2022\/04\/IMG_0022-Medium.jpg 1151w, https:\/\/kristiansund.katolsk.no\/wp-content\/uploads\/2022\/04\/IMG_0022-Medium-300x200.jpg 300w, https:\/\/kristiansund.katolsk.no\/wp-content\/uploads\/2022\/04\/IMG_0022-Medium-1024x683.jpg 1024w, https:\/\/kristiansund.katolsk.no\/wp-content\/uploads\/2022\/04\/IMG_0022-Medium-768x512.jpg 768w\" sizes=\"auto, (max-width: 1151px) 100vw, 1151px\" \/><\/figure>\n\n\n\n<figure class=\"wp-block-image size-large\"><img loading=\"lazy\" decoding=\"async\" width=\"768\" height=\"1155\" data-id=\"74\" src=\"https:\/\/kristiansund.katolsk.no\/wp-content\/uploads\/2022\/04\/IMG_0023-Medium.jpg\" alt=\"\" class=\"wp-image-74\" srcset=\"https:\/\/kristiansund.katolsk.no\/wp-content\/uploads\/2022\/04\/IMG_0023-Medium.jpg 768w, https:\/\/kristiansund.katolsk.no\/wp-content\/uploads\/2022\/04\/IMG_0023-Medium-199x300.jpg 199w, https:\/\/kristiansund.katolsk.no\/wp-content\/uploads\/2022\/04\/IMG_0023-Medium-681x1024.jpg 681w\" sizes=\"auto, (max-width: 768px) 100vw, 768px\" \/><\/figure>\n\n\n\n<figure class=\"wp-block-image size-large\"><img loading=\"lazy\" decoding=\"async\" width=\"1152\" height=\"768\" data-id=\"75\" src=\"https:\/\/kristiansund.katolsk.no\/wp-content\/uploads\/2022\/04\/IMG_0024-Medium.jpg\" alt=\"\" class=\"wp-image-75\" srcset=\"https:\/\/kristiansund.katolsk.no\/wp-content\/uploads\/2022\/04\/IMG_0024-Medium.jpg 1152w, https:\/\/kristiansund.katolsk.no\/wp-content\/uploads\/2022\/04\/IMG_0024-Medium-300x200.jpg 300w, https:\/\/kristiansund.katolsk.no\/wp-content\/uploads\/2022\/04\/IMG_0024-Medium-1024x683.jpg 1024w, https:\/\/kristiansund.katolsk.no\/wp-content\/uploads\/2022\/04\/IMG_0024-Medium-768x512.jpg 768w\" sizes=\"auto, (max-width: 1152px) 100vw, 1152px\" \/><\/figure>\n\n\n\n<figure class=\"wp-block-image size-large\"><img loading=\"lazy\" decoding=\"async\" width=\"1150\" height=\"768\" data-id=\"69\" src=\"https:\/\/kristiansund.katolsk.no\/wp-content\/uploads\/2022\/04\/IMG_0019-Medium.jpg\" alt=\"\" class=\"wp-image-69\" srcset=\"https:\/\/kristiansund.katolsk.no\/wp-content\/uploads\/2022\/04\/IMG_0019-Medium.jpg 1150w, https:\/\/kristiansund.katolsk.no\/wp-content\/uploads\/2022\/04\/IMG_0019-Medium-300x200.jpg 300w, https:\/\/kristiansund.katolsk.no\/wp-content\/uploads\/2022\/04\/IMG_0019-Medium-1024x684.jpg 1024w, https:\/\/kristiansund.katolsk.no\/wp-content\/uploads\/2022\/04\/IMG_0019-Medium-768x513.jpg 768w\" sizes=\"auto, (max-width: 1150px) 100vw, 1150px\" \/><\/figure>\n\n\n\n<figure class=\"wp-block-image size-large\"><img loading=\"lazy\" decoding=\"async\" width=\"1150\" height=\"768\" data-id=\"68\" src=\"https:\/\/kristiansund.katolsk.no\/wp-content\/uploads\/2022\/04\/IMG_0018-Medium.jpg\" alt=\"\" class=\"wp-image-68\" srcset=\"https:\/\/kristiansund.katolsk.no\/wp-content\/uploads\/2022\/04\/IMG_0018-Medium.jpg 1150w, https:\/\/kristiansund.katolsk.no\/wp-content\/uploads\/2022\/04\/IMG_0018-Medium-300x200.jpg 300w, https:\/\/kristiansund.katolsk.no\/wp-content\/uploads\/2022\/04\/IMG_0018-Medium-1024x684.jpg 1024w, https:\/\/kristiansund.katolsk.no\/wp-content\/uploads\/2022\/04\/IMG_0018-Medium-768x513.jpg 768w\" sizes=\"auto, (max-width: 1150px) 100vw, 1150px\" \/><\/figure>\n\n\n\n<figure class=\"wp-block-image size-large\"><img loading=\"lazy\" decoding=\"async\" width=\"1152\" height=\"768\" data-id=\"67\" src=\"https:\/\/kristiansund.katolsk.no\/wp-content\/uploads\/2022\/04\/IMG_0017-Medium.jpg\" alt=\"\" class=\"wp-image-67\" srcset=\"https:\/\/kristiansund.katolsk.no\/wp-content\/uploads\/2022\/04\/IMG_0017-Medium.jpg 1152w, https:\/\/kristiansund.katolsk.no\/wp-content\/uploads\/2022\/04\/IMG_0017-Medium-300x200.jpg 300w, https:\/\/kristiansund.katolsk.no\/wp-content\/uploads\/2022\/04\/IMG_0017-Medium-1024x683.jpg 1024w, https:\/\/kristiansund.katolsk.no\/wp-content\/uploads\/2022\/04\/IMG_0017-Medium-768x512.jpg 768w\" sizes=\"auto, (max-width: 1152px) 100vw, 1152px\" \/><\/figure>\n\n\n\n<figure class=\"wp-block-image size-large\"><img loading=\"lazy\" decoding=\"async\" width=\"1152\" height=\"768\" data-id=\"66\" src=\"https:\/\/kristiansund.katolsk.no\/wp-content\/uploads\/2022\/04\/IMG_0016-Medium.jpg\" alt=\"\" class=\"wp-image-66\" srcset=\"https:\/\/kristiansund.katolsk.no\/wp-content\/uploads\/2022\/04\/IMG_0016-Medium.jpg 1152w, https:\/\/kristiansund.katolsk.no\/wp-content\/uploads\/2022\/04\/IMG_0016-Medium-300x200.jpg 300w, https:\/\/kristiansund.katolsk.no\/wp-content\/uploads\/2022\/04\/IMG_0016-Medium-1024x683.jpg 1024w, https:\/\/kristiansund.katolsk.no\/wp-content\/uploads\/2022\/04\/IMG_0016-Medium-768x512.jpg 768w\" sizes=\"auto, (max-width: 1152px) 100vw, 1152px\" \/><\/figure>\n\n\n\n<figure class=\"wp-block-image size-large\"><img loading=\"lazy\" decoding=\"async\" width=\"1151\" height=\"768\" data-id=\"65\" src=\"https:\/\/kristiansund.katolsk.no\/wp-content\/uploads\/2022\/04\/IMG_0015-Medium.jpg\" alt=\"\" class=\"wp-image-65\" srcset=\"https:\/\/kristiansund.katolsk.no\/wp-content\/uploads\/2022\/04\/IMG_0015-Medium.jpg 1151w, https:\/\/kristiansund.katolsk.no\/wp-content\/uploads\/2022\/04\/IMG_0015-Medium-300x200.jpg 300w, https:\/\/kristiansund.katolsk.no\/wp-content\/uploads\/2022\/04\/IMG_0015-Medium-1024x683.jpg 1024w, https:\/\/kristiansund.katolsk.no\/wp-content\/uploads\/2022\/04\/IMG_0015-Medium-768x512.jpg 768w\" sizes=\"auto, (max-width: 1151px) 100vw, 1151px\" \/><\/figure>\n\n\n\n<figure class=\"wp-block-image size-large\"><img loading=\"lazy\" decoding=\"async\" width=\"1152\" height=\"768\" data-id=\"64\" src=\"https:\/\/kristiansund.katolsk.no\/wp-content\/uploads\/2022\/04\/IMG_0014-Medium.jpg\" alt=\"\" class=\"wp-image-64\" srcset=\"https:\/\/kristiansund.katolsk.no\/wp-content\/uploads\/2022\/04\/IMG_0014-Medium.jpg 1152w, https:\/\/kristiansund.katolsk.no\/wp-content\/uploads\/2022\/04\/IMG_0014-Medium-300x200.jpg 300w, https:\/\/kristiansund.katolsk.no\/wp-content\/uploads\/2022\/04\/IMG_0014-Medium-1024x683.jpg 1024w, https:\/\/kristiansund.katolsk.no\/wp-content\/uploads\/2022\/04\/IMG_0014-Medium-768x512.jpg 768w\" sizes=\"auto, (max-width: 1152px) 100vw, 1152px\" \/><\/figure>\n\n\n\n<figure class=\"wp-block-image size-large\"><img loading=\"lazy\" decoding=\"async\" width=\"1152\" height=\"768\" data-id=\"62\" src=\"https:\/\/kristiansund.katolsk.no\/wp-content\/uploads\/2022\/04\/IMG_0012-Medium.jpg\" alt=\"\" class=\"wp-image-62\" srcset=\"https:\/\/kristiansund.katolsk.no\/wp-content\/uploads\/2022\/04\/IMG_0012-Medium.jpg 1152w, https:\/\/kristiansund.katolsk.no\/wp-content\/uploads\/2022\/04\/IMG_0012-Medium-300x200.jpg 300w, https:\/\/kristiansund.katolsk.no\/wp-content\/uploads\/2022\/04\/IMG_0012-Medium-1024x683.jpg 1024w, https:\/\/kristiansund.katolsk.no\/wp-content\/uploads\/2022\/04\/IMG_0012-Medium-768x512.jpg 768w\" sizes=\"auto, (max-width: 1152px) 100vw, 1152px\" \/><\/figure>\n\n\n\n<figure class=\"wp-block-image size-large\"><img loading=\"lazy\" decoding=\"async\" width=\"1153\" height=\"768\" data-id=\"63\" src=\"https:\/\/kristiansund.katolsk.no\/wp-content\/uploads\/2022\/04\/IMG_0013-Medium.jpg\" alt=\"\" class=\"wp-image-63\" srcset=\"https:\/\/kristiansund.katolsk.no\/wp-content\/uploads\/2022\/04\/IMG_0013-Medium.jpg 1153w, https:\/\/kristiansund.katolsk.no\/wp-content\/uploads\/2022\/04\/IMG_0013-Medium-300x200.jpg 300w, https:\/\/kristiansund.katolsk.no\/wp-content\/uploads\/2022\/04\/IMG_0013-Medium-1024x682.jpg 1024w, https:\/\/kristiansund.katolsk.no\/wp-content\/uploads\/2022\/04\/IMG_0013-Medium-768x512.jpg 768w\" sizes=\"auto, (max-width: 1153px) 100vw, 1153px\" \/><\/figure>\n<\/figure>\n","protected":false},"excerpt":{"rendered":"<p>Opprettelse av misjonsstasjon\/annekskapell i 1932 &laquo;I denne, etter norske forhold betydelige by hadde der lenge v\u00e6rt tale om \u00e5 f\u00e5 et kirkelig sentrum for katolikkene i Nordm\u00f8re, og det var derfor naturlig at picpuspatrene tidlig henvendte sin oppmerksomhet p\u00e5 denne by. Allerede i 1932 lot den pater Witte \u00e5pne et annekskapell i et leid hus i Skolegaten 12, hvor det ogs\u00e5 ble innredet en liten leilighet for presten. Kapellet som fikk navn St. Eysteins kapell, ble forel\u00f8pig anneks til menigheten i Molde. Fra \u00e5pningsdagen den 15. desember 1932 ble der s\u00e5ledes no holdt regelmessig gudstjeneste hver s\u00f8ndag ved pater Guido&#8230; <\/p>\n","protected":false},"author":1,"featured_media":1134,"parent":0,"menu_order":0,"comment_status":"closed","ping_status":"closed","template":"template-parts\/template-full-width.php","meta":{"footnotes":""},"class_list":["post-418","page","type-page","status-publish","has-post-thumbnail","hentry"],"_links":{"self":[{"href":"https:\/\/kristiansund.katolsk.no\/index.php?rest_route=\/wp\/v2\/pages\/418","targetHints":{"allow":["GET"]}}],"collection":[{"href":"https:\/\/kristiansund.katolsk.no\/index.php?rest_route=\/wp\/v2\/pages"}],"about":[{"href":"https:\/\/kristiansund.katolsk.no\/index.php?rest_route=\/wp\/v2\/types\/page"}],"author":[{"embeddable":true,"href":"https:\/\/kristiansund.katolsk.no\/index.php?rest_route=\/wp\/v2\/users\/1"}],"replies":[{"embeddable":true,"href":"https:\/\/kristiansund.katolsk.no\/index.php?rest_route=%2Fwp%2Fv2%2Fcomments&post=418"}],"version-history":[{"count":3,"href":"https:\/\/kristiansund.katolsk.no\/index.php?rest_route=\/wp\/v2\/pages\/418\/revisions"}],"predecessor-version":[{"id":2008,"href":"https:\/\/kristiansund.katolsk.no\/index.php?rest_route=\/wp\/v2\/pages\/418\/revisions\/2008"}],"wp:featuredmedia":[{"embeddable":true,"href":"https:\/\/kristiansund.katolsk.no\/index.php?rest_route=\/wp\/v2\/media\/1134"}],"wp:attachment":[{"href":"https:\/\/kristiansund.katolsk.no\/index.php?rest_route=%2Fwp%2Fv2%2Fmedia&parent=418"}],"curies":[{"name":"wp","href":"https:\/\/api.w.org\/{rel}","templated":true}]}}