{"id":2079,"date":"2022-11-16T18:12:04","date_gmt":"2022-11-16T17:12:04","guid":{"rendered":"https:\/\/kristiansund.katolsk.no\/?page_id=2079"},"modified":"2026-05-01T17:31:36","modified_gmt":"2026-05-01T15:31:36","slug":"katekese","status":"publish","type":"page","link":"https:\/\/kristiansund.katolsk.no\/?page_id=2079","title":{"rendered":"Katekese"},"content":{"rendered":"\n<h2 class=\"wp-block-heading\"><strong>F\u00f8rstekommunion undervisning<\/strong> <strong>og<\/strong> <strong>konfirmasjonsundervisning<\/strong><\/h2>\n\n\n\n<p>Kj\u00e6re foreldre barna og unge:<\/p>\n\n\n\n<p>Vi minner om undervisningen som forbereder til \u00e5 motta Eukaristien (1. Kommunion) og Fermingen (Konfirmasjonen). Undervisningen er for barn som fyller 8 \u00e5r neste \u00e5r, og for ungdom som fyller 15 \u00e5r neste \u00e5r. For begge grupper vil undervisningen vanligvis foreg\u00e5 den f\u00f8rste og tredje l\u00f8rdagen i m\u00e5neden fra kl. 10.00 til 13.15. Barn og unge som enn\u00e5 ikke har mottatt disse sakramentene kan ogs\u00e5 delta. Ved spesielle situasjoner, vennligst ta kontakt med p. Krystian, som blir ansvarlig for menigheten fra 1. september 2025.<\/p>\n\n\n\n<p>Vi ber dere formidle denne informasjonen til familier dere kjenner, som ikke er registrert i v\u00e5r menighet eller ikke g\u00e5r i kirken.<\/p>\n\n\n\n<p>Alle som enn\u00e5 ikke er registrert i Den katolske kirken i Norge, oppfordres til \u00e5 registrere seg. Dette gj\u00f8r kontakten og kommunikasjonen med menigheten enklere.<\/p>\n\n\n\n<p>Vil du registrere deg? Det er veldig enkelt. Sjekk denne lenken:<\/p>\n\n\n\n<figure class=\"wp-block-embed is-type-wp-embed is-provider-st-eystein-menighet-kristiansund wp-block-embed-st-eystein-menighet-kristiansund\"><div class=\"wp-block-embed__wrapper\">\n<blockquote class=\"wp-embedded-content\" data-secret=\"5NS38BKs6v\"><a href=\"https:\/\/kristiansund.katolsk.no\/?page_id=2101\">Registrer deg i Den katolske kirke i Norge<\/a><\/blockquote><iframe loading=\"lazy\" class=\"wp-embedded-content\" sandbox=\"allow-scripts\" security=\"restricted\" style=\"position: absolute; visibility: hidden;\" title=\"&laquo;Registrer deg i Den katolske kirke i Norge&raquo; &#8212; St Eystein menighet - Kristiansund\" src=\"https:\/\/kristiansund.katolsk.no\/?page_id=2101&#038;embed=true#?secret=1yr5tpVqRC#?secret=5NS38BKs6v\" data-secret=\"5NS38BKs6v\" width=\"500\" height=\"282\" frameborder=\"0\" marginwidth=\"0\" marginheight=\"0\" scrolling=\"no\"><\/iframe>\n<\/div><\/figure>\n\n\n\n<div style=\"height:30px\" aria-hidden=\"true\" class=\"wp-block-spacer\"><\/div>\n\n\n\n<p>Her nedenfor finner dere undervisningsplanen. Vennligst sjekk den jevnlig, da datoene kan endre seg. Her er lenken hvor dere kan finne oppdateringer:<\/p>\n\n\n\n<figure class=\"wp-block-embed is-type-wp-embed is-provider-st-eystein-menighet-kristiansund wp-block-embed-st-eystein-menighet-kristiansund\"><div class=\"wp-block-embed__wrapper\">\n<blockquote class=\"wp-embedded-content\" data-secret=\"MxMMaUMIyC\"><a href=\"https:\/\/kristiansund.katolsk.no\/?page_id=2270\">Aktivitetskalender<\/a><\/blockquote><iframe loading=\"lazy\" class=\"wp-embedded-content\" sandbox=\"allow-scripts\" security=\"restricted\" style=\"position: absolute; visibility: hidden;\" title=\"&laquo;Aktivitetskalender&raquo; &#8212; St Eystein menighet - Kristiansund\" src=\"https:\/\/kristiansund.katolsk.no\/?page_id=2270&#038;embed=true#?secret=YjoRCJeLxJ#?secret=MxMMaUMIyC\" data-secret=\"MxMMaUMIyC\" width=\"500\" height=\"282\" frameborder=\"0\" marginwidth=\"0\" marginheight=\"0\" scrolling=\"no\"><\/iframe>\n<\/div><\/figure>\n\n\n\n<div style=\"height:50px\" aria-hidden=\"true\" class=\"wp-block-spacer\"><\/div>\n\n\n\n<p><strong>F\u00f8rstekommunion undervisning<\/strong><\/p>\n\n\n\n<p>vanligvis 1. og 3. l\u00f8rdag i m\u00e5naden kl. 10.15-13.15<\/p>\n\n\n\n<p><strong>Konfirmasjonsundervisning<\/strong><\/p>\n\n\n\n<p>vanligvis 1. s\u00f8ndag i m\u00e5naden kl. 15.00-18:30 og 2. l\u00f8rdag i m\u00e5naden kl. 10.00-13.15<\/p>\n\n\n\n<div style=\"height:70px\" aria-hidden=\"true\" class=\"wp-block-spacer\"><\/div>\n\n\n\n<p>L\u00f8rdag 6. september kl. 10.15-11.00 organiseringsm\u00f8te &#8211; for f\u00f8rstekommunionsbarn og deres foreldre<\/p>\n\n\n\n<p>kl. 11.30-12.15 &#8211; f\u00f8rste kommunionsundervisning.<\/p>\n\n\n\n<p>                                    Samtidig blir det p\u00e5melding og detaljert informasjon for foreldre.<\/p>\n\n\n\n<p>L\u00f8rdag 13. september kl. 10.30-11.00 organiseringsm\u00f8te &#8211; for konrirmanterog deres foreldre<\/p>\n\n\n\n<p>                                    kl. 11.30-12.15 &#8211; konfirmasjonundervisning.<\/p>\n\n\n\n<p>                                    Samtidig blir det p\u00e5melding og detaljert informasjon for foreldre.<\/p>\n\n\n\n<p>20. september kl. 10.15-13.15 &#8211; f\u00f8rste kommunionsundervisning<\/p>\n\n\n\n<p>S\u00f8ndag 28. september kl. 15-18:30 &#8211; konfirmasjonundervisning &#8211; Scrutatio<\/p>\n\n\n\n<div style=\"height:20px\" aria-hidden=\"true\" class=\"wp-block-spacer\"><\/div>\n\n\n\n<p>L\u00f8rdag 4. &amp; 18. oktober kl. 10.15-13.15 &#8211; f\u00f8rste kommunionsundervisning<\/p>\n\n\n\n<p>L\u00f8rdag 11. oktober kl. 10.30-13.15 &#8211; konfirmasjonsundervisning<\/p>\n\n\n\n<p>S\u00f8ndag 12. oktober kl. 15-18:30 &#8211; konfirmasjonundervisning &#8211; Scrutatio<\/p>\n\n\n\n<div style=\"height:20px\" aria-hidden=\"true\" class=\"wp-block-spacer\"><\/div>\n\n\n\n<p>31. oktober &#8211; 2. november &#8211; konfirmasjonsleir<\/p>\n\n\n\n<ul class=\"wp-block-list\">\n<li>Konfirmasjonsleir i M\u00f8re og Romsdal finner sted fra&nbsp;<strong>31.oktober \u2013 2. november p\u00e5 Vestheim Ungdomssenter i Vestnes<\/strong><\/li>\n\n\n\n<li>Hagnesveien 128, 6390 Vestnes<\/li>\n<\/ul>\n\n\n\n<div style=\"height:20px\" aria-hidden=\"true\" class=\"wp-block-spacer\"><\/div>\n\n\n\n<p>L\u00f8rdag 1. &amp; 15. november kl. 10.15-13.15 &#8211; f\u00f8rste kommunionsundervisning<\/p>\n\n\n\n<p>S\u00f8ndag 16. november kl. 15-18:30 &#8211; konfirmasjonundervisning &#8211; Scrutatio<\/p>\n\n\n\n<p>L\u00f8rdag 8. november kl. 10.30-13.15 &#8211; konfirmasjonsundervisning<\/p>\n\n\n\n<div style=\"height:20px\" aria-hidden=\"true\" class=\"wp-block-spacer\"><\/div>\n\n\n\n<p>L\u00f8rdag 6. &amp; 20. desember kl. 10.15-13.15 &#8211; f\u00f8rste kommunionsundervisning<\/p>\n\n\n\n<p>L\u00f8rdag 6. desember kl. 13.30-16.15 &#8211; konfirmasjonsundervisning<\/p>\n\n\n\n<p>S\u00f8ndag 7. desember kl. 15-18:30 &#8211; konfirmasjonundervisning &#8211; Scrutatio<\/p>\n\n\n\n<div style=\"height:40px\" aria-hidden=\"true\" class=\"wp-block-spacer\"><\/div>\n\n\n\n<p><strong>2026<\/strong><\/p>\n\n\n\n<p>L\u00f8rdag 10. &amp; 24. januar kl. 10.15-13.15 &#8211; f\u00f8rste kommunionsundervisning<\/p>\n\n\n\n<p>S\u00f8ndag 11. januar kl. 15-18:30 &#8211; konfirmasjonundervisning &#8211; Scrutatio<\/p>\n\n\n\n<p>L\u00f8rdag 17. januar kl. 10.30-13.15 &#8211; konfirmasjonsundervisning<\/p>\n\n\n\n<div style=\"height:20px\" aria-hidden=\"true\" class=\"wp-block-spacer\"><\/div>\n\n\n\n<p>L\u00f8rdag 7. &amp; 21. februar kl. 10.15-13.15 &#8211; f\u00f8rste kommunionsundervisning<\/p>\n\n\n\n<p>S\u00f8ndag 8. februar kl. 15-18:30 &#8211; konfirmasjonundervisning &#8211; Scrutatio<\/p>\n\n\n\n<p>L\u00f8rdag 14. februar kl. 10.30-13.15 &#8211; konfirmasjonsundervisning<\/p>\n\n\n\n<div style=\"height:20px\" aria-hidden=\"true\" class=\"wp-block-spacer\"><\/div>\n\n\n\n<p>L\u00f8rdag 7. &amp; 21. mars kl. 10.15-13.15 &#8211; f\u00f8rste kommunionsundervisning<\/p>\n\n\n\n<p>S\u00f8ndag 8. mars  kl. 15-18:30 &#8211; konfirmasjonundervisning &#8211; Scrutatio<\/p>\n\n\n\n<p>L\u00f8rdag 14. mars kl. 10.30-13.15 &#8211; konfirmasjonsundervisning<\/p>\n\n\n\n<div style=\"height:20px\" aria-hidden=\"true\" class=\"wp-block-spacer\"><\/div>\n\n\n\n<p>L\u00f8rdag 11. &amp; 25. april kl. 10.15-13.15 &#8211; f\u00f8rste kommunionsundervisning<\/p>\n\n\n\n<p>S\u00f8ndag 12. april kl. 15-18:30 &#8211; konfirmasjonundervisning &#8211; Scrutatio<\/p>\n\n\n\n<p>L\u00f8rdag 18. april kl. 10.30-13.15 &#8211; konfirmasjonsundervisning<\/p>\n\n\n\n<div style=\"height:20px\" aria-hidden=\"true\" class=\"wp-block-spacer\"><\/div>\n\n\n\n<p>L\u00f8rdag 2. &amp; 9. &amp; 30. mai kl. 10.15-13.15 &#8211; f\u00f8rste kommunionsundervisning<\/p>\n\n\n\n<p>L\u00f8rdag 2. mai kl. 14-17:00 &#8211; konfirmasjonundervisning<\/p>\n\n\n\n<p>L\u00f8rdag 16. mai kl. 10.30-13.15 &#8211; konfirmasjonsundervisning<\/p>\n\n\n\n<p>L\u00f8rdag 23. mai &#8211; kl. 10.00 &#8211; \u00f8velse og skriftem\u00e5l for konfirmanter<\/p>\n\n\n\n<p>S\u00f8ndag 24. mai \u2013 Konfirmasjonsmesse, kl. 14.00<\/p>\n\n\n\n<div style=\"height:20px\" aria-hidden=\"true\" class=\"wp-block-spacer\"><\/div>\n\n\n\n<p>L\u00f8rdag 6. juni kl. 10.15-13.15 &#8211; f\u00f8rste kommunionsundervisning<\/p>\n\n\n\n<p>\u2013 \u00f8velse og skriftem\u00e5l for f\u00f8rstekommunionsbarna<\/p>\n\n\n\n<p>S\u00f8ndag 7. juni \u2013 F\u00f8rstekommunionsmesse, kl. 13.00<\/p>\n\n\n\n<div style=\"height:20px\" aria-hidden=\"true\" class=\"wp-block-spacer\"><\/div>\n\n\n\n<div style=\"height:60px\" aria-hidden=\"true\" class=\"wp-block-spacer\"><\/div>\n\n\n\n<p style=\"font-size:25px\"><strong>Katekeseprogram:<\/strong><\/p>\n\n\n\n<div style=\"height:20px\" aria-hidden=\"true\" class=\"wp-block-spacer\"><\/div>\n\n\n\n<p><strong>F\u00f8rste kommunionsbarna<\/strong> og deres foreldre:<\/p>\n\n\n\n<p>10.15-11.00 \u2013 1. time<\/p>\n\n\n\n<p>11.00-11.30 \u2013 pause<\/p>\n\n\n\n<p>11.30-12.15 \u2013 2. time<\/p>\n\n\n\n<p>12.15-12.30 \u2013 Forberedelse til Messen (f\u00f8rste l\u00f8rdag) eller til b\u00f8nn (tredje l\u00f8rdag)<\/p>\n\n\n\n<p>12.30-13.15 \u2013 Messe (f\u00f8rste l\u00f8rdag) eller b\u00f8nn (tredje l\u00f8rdag)<\/p>\n\n\n\n<div style=\"height:20px\" aria-hidden=\"true\" class=\"wp-block-spacer\"><\/div>\n\n\n\n<p><strong>Konfirmanter <\/strong>og deres foreldre:<\/p>\n\n\n\n<div style=\"height:10px\" aria-hidden=\"true\" class=\"wp-block-spacer\"><\/div>\n\n\n\n<p>1. S\u00f8ndag i m\u00e5naden<\/p>\n\n\n\n<p>Scrutatio kl. 15.00-18.30<\/p>\n\n\n\n<div style=\"height:10px\" aria-hidden=\"true\" class=\"wp-block-spacer\"><\/div>\n\n\n\n<p>2. l\u00f8rdag i m\u00e5naden:<\/p>\n\n\n\n<p>10.30-11.15 \u2013 1. time<\/p>\n\n\n\n<p>11.15-11.30 \u2013 pause<\/p>\n\n\n\n<p>11.30-12.15 \u2013 2. time<\/p>\n\n\n\n<p>12.15-12.30 \u2013 Forberedelse til Messen (f\u00f8rste l\u00f8rdag) eller til b\u00f8nn (tredje l\u00f8rdag)<\/p>\n\n\n\n<p>12.30-13.15 \u2013 Messe (f\u00f8rste l\u00f8rdag) eller b\u00f8nn (tredje l\u00f8rdag)<\/p>\n\n\n\n<div style=\"height:40px\" aria-hidden=\"true\" class=\"wp-block-spacer\"><\/div>\n\n\n\n<p><strong>Det \u00e5rlige planleggings forslaget er ikke fast, det kan endres etter behov.<\/strong><\/p>\n\n\n\n<div style=\"height:40px\" aria-hidden=\"true\" class=\"wp-block-spacer\"><\/div>\n\n\n\n<p><strong>For mer <em>informasjon&nbsp;<\/em>&nbsp;<\/strong><\/p>\n\n\n\n<p>Kateketer: 1. Kommunion: Cecilia&nbsp;tlf&nbsp; 45415909&nbsp;og&nbsp;Arsenia&nbsp;tlf&nbsp; 46843119&nbsp;<\/p>\n\n\n\n<p>                  Konfirmasjon: Romina  tlf 92228408<\/p>\n\n\n\n<p>p. Krystian  tlf 48037115<\/p>\n\n\n\n<p><a href=\"mailto:kristiansund@katolsk.no\" rel=\"noreferrer noopener\" target=\"_blank\">kristiansund@katolsk.no<\/a>&nbsp;<\/p>\n\n\n\n<div style=\"height:100px\" aria-hidden=\"true\" class=\"wp-block-spacer\"><\/div>\n\n\n\n<p><strong>Se filmer fra Kateketisk senter:<\/strong><\/p>\n\n\n\n<figure class=\"wp-block-image size-full\"><a href=\"https:\/\/blilys.no\/\" target=\"_blank\" rel=\"https:\/\/blilys.no\/ noopener\"><img loading=\"lazy\" decoding=\"async\" width=\"150\" height=\"150\" src=\"https:\/\/kristiansund.katolsk.no\/wp-content\/uploads\/2022\/11\/unnamed-3.jpeg\" alt=\"\" class=\"wp-image-2145\"\/><\/a><\/figure>\n\n\n\n<p><strong>Sanger for barn<\/strong>&nbsp;<br \/><strong><\/strong>&nbsp;<br \/><a href=\"https:\/\/www.youtube.com\/watch?v=qYKgcsLH9nU\" rel=\"noreferrer noopener\" target=\"_blank\"><strong>https:\/\/www.youtube.com\/watch?v=qYKgcsLH9nU<\/strong><\/a><strong><\/strong>&nbsp;<br \/><strong><\/strong>&nbsp;<br \/><a href=\"https:\/\/www.youtube.com\/watch?v=Mo3-sffIvCU\" rel=\"noreferrer noopener\" target=\"_blank\"><strong>https:\/\/www.youtube.com\/watch?v=Mo3-sffIvCU<\/strong><\/a><strong><\/strong>&nbsp;<br \/><strong><\/strong>&nbsp;<br \/><a href=\"https:\/\/www.youtube.com\/watch?v=TKr_akvC_X8\" rel=\"noreferrer noopener\" target=\"_blank\"><strong>https:\/\/www.youtube.com\/watch?v=TKr_akvC_X8<\/strong><\/a><strong><\/strong>&nbsp;<br \/><strong><\/strong>&nbsp;<br \/><a href=\"https:\/\/www.youtube.com\/watch?v=Cvv8jE7CD8s\" rel=\"noreferrer noopener\" target=\"_blank\"><strong>https:\/\/www.youtube.com\/watch?v=Cvv8jE7CD8s<\/strong><\/a><strong><\/strong>&nbsp;<br \/><strong><\/strong>&nbsp;<br \/><a href=\"https:\/\/www.youtube.com\/watch?v=m7sSz7QIk4Y\" rel=\"noreferrer noopener\" target=\"_blank\"><strong>https:\/\/www.youtube.com\/watch?v=m7sSz7QIk4Y<\/strong><\/a><strong><\/strong>&nbsp;<br \/><strong><\/strong>&nbsp;<br \/><a href=\"https:\/\/www.youtube.com\/watch?v=hkmpUuO05tw\" rel=\"noreferrer noopener\" target=\"_blank\"><strong>https:\/\/www.youtube.com\/watch?v=hkmpUuO05tw<\/strong><\/a><strong><\/strong>&nbsp;<br \/><strong><\/strong>&nbsp;<br \/><a href=\"https:\/\/www.youtube.com\/watch?v=gmg3LpdyCvI\" rel=\"noreferrer noopener\" target=\"_blank\"><strong>https:\/\/www.youtube.com\/watch?v=gmg3LpdyCvI<\/strong><\/a><strong><\/strong>&nbsp;<br \/><strong><\/strong>&nbsp;<br \/><a href=\"https:\/\/www.youtube.com\/watch?v=0vyyeX0SS-w\" rel=\"noreferrer noopener\" target=\"_blank\"><strong>https:\/\/www.youtube.com\/watch?v=0vyyeX0SS-w<\/strong><\/a><strong><\/strong>&nbsp;<br \/><strong><\/strong>&nbsp;<br \/><a href=\"https:\/\/www.youtube.com\/watch?v=9LZzKq_eca0\" rel=\"noreferrer noopener\" target=\"_blank\"><strong>https:\/\/www.youtube.com\/watch?v=9LZzKq_eca0<\/strong><\/a><strong><\/strong>&nbsp;<br \/><strong><\/strong>&nbsp;<br \/><a href=\"https:\/\/www.youtube.com\/watch?v=PMWfVEHHf8M\" rel=\"noreferrer noopener\" target=\"_blank\"><strong>https:\/\/www.youtube.com\/watch?v=PMWfVEHHf8M<\/strong><\/a><strong><\/strong>&nbsp;<br \/><strong><\/strong>&nbsp;<br \/><a href=\"https:\/\/www.youtube.com\/watch?v=qi8wZGxx9Gc\" rel=\"noreferrer noopener\" target=\"_blank\"><strong>https:\/\/www.youtube.com\/watch?v=qi8wZGxx9Gc<\/strong><\/a><strong><\/strong>&nbsp;<br \/><strong><\/strong>&nbsp;<br \/><a href=\"https:\/\/www.youtube.com\/watch?v=eM-YoSWCHEM\" rel=\"noreferrer noopener\" target=\"_blank\"><strong>https:\/\/www.youtube.com\/watch?v=eM-YoSWCHEM<\/strong><\/a><strong><\/strong>&nbsp;<\/p>\n\n\n\n<div style=\"height:100px\" aria-hidden=\"true\" class=\"wp-block-spacer\"><\/div>\n\n\n\n<figure class=\"wp-block-embed is-type-video is-provider-youtube wp-block-embed-youtube wp-embed-aspect-16-9 wp-has-aspect-ratio\"><div class=\"wp-block-embed__wrapper\">\n<iframe loading=\"lazy\" title=\"Sycamore: En kursserie i katolsk tro\" width=\"500\" height=\"281\" src=\"https:\/\/www.youtube.com\/embed\/nlZWhiOCXN4?feature=oembed\" frameborder=\"0\" allow=\"accelerometer; autoplay; clipboard-write; encrypted-media; gyroscope; picture-in-picture; web-share\" referrerpolicy=\"strict-origin-when-cross-origin\" allowfullscreen><\/iframe>\n<\/div><\/figure>\n","protected":false},"excerpt":{"rendered":"<p>F\u00f8rstekommunion undervisning og konfirmasjonsundervisning Kj\u00e6re foreldre barna og unge: Vi minner om undervisningen som forbereder til \u00e5 motta Eukaristien (1. Kommunion) og Fermingen (Konfirmasjonen). Undervisningen er for barn som fyller 8 \u00e5r neste \u00e5r, og for ungdom som fyller 15 \u00e5r neste \u00e5r. For begge grupper vil undervisningen vanligvis foreg\u00e5 den f\u00f8rste og tredje l\u00f8rdagen i m\u00e5neden fra kl. 10.00 til 13.15. Barn og unge som enn\u00e5 ikke har mottatt disse sakramentene kan ogs\u00e5 delta. Ved spesielle situasjoner, vennligst ta kontakt med p. Krystian, som blir ansvarlig for menigheten fra 1. september 2025. Vi ber dere formidle denne informasjonen til&#8230; <\/p>\n","protected":false},"author":1,"featured_media":0,"parent":0,"menu_order":0,"comment_status":"closed","ping_status":"open","template":"template-parts\/template-full-width.php","meta":{"footnotes":""},"class_list":["post-2079","page","type-page","status-publish","hentry"],"_links":{"self":[{"href":"https:\/\/kristiansund.katolsk.no\/index.php?rest_route=\/wp\/v2\/pages\/2079","targetHints":{"allow":["GET"]}}],"collection":[{"href":"https:\/\/kristiansund.katolsk.no\/index.php?rest_route=\/wp\/v2\/pages"}],"about":[{"href":"https:\/\/kristiansund.katolsk.no\/index.php?rest_route=\/wp\/v2\/types\/page"}],"author":[{"embeddable":true,"href":"https:\/\/kristiansund.katolsk.no\/index.php?rest_route=\/wp\/v2\/users\/1"}],"replies":[{"embeddable":true,"href":"https:\/\/kristiansund.katolsk.no\/index.php?rest_route=%2Fwp%2Fv2%2Fcomments&post=2079"}],"version-history":[{"count":70,"href":"https:\/\/kristiansund.katolsk.no\/index.php?rest_route=\/wp\/v2\/pages\/2079\/revisions"}],"predecessor-version":[{"id":3267,"href":"https:\/\/kristiansund.katolsk.no\/index.php?rest_route=\/wp\/v2\/pages\/2079\/revisions\/3267"}],"wp:attachment":[{"href":"https:\/\/kristiansund.katolsk.no\/index.php?rest_route=%2Fwp%2Fv2%2Fmedia&parent=2079"}],"curies":[{"name":"wp","href":"https:\/\/api.w.org\/{rel}","templated":true}]}}