{"id":1685,"date":"2020-01-04T18:08:07","date_gmt":"2020-01-04T17:08:07","guid":{"rendered":"http:\/\/steystein.com\/?page_id=1685"},"modified":"2026-01-28T13:02:19","modified_gmt":"2026-01-28T12:02:19","slug":"messetider-2021","status":"publish","type":"page","link":"https:\/\/kristiansund.katolsk.no\/?page_id=1685","title":{"rendered":"Messetider"},"content":{"rendered":"\n<hr class=\"wp-block-separator has-css-opacity is-style-default\"\/>\n\n\n\n<div style=\"height:35px\" aria-hidden=\"true\" class=\"wp-block-spacer\"><\/div>\n\n\n\n<h4 class=\"wp-block-heading has-vivid-red-color has-text-color has-medium-font-size\">S\u00f8ndager<\/h4>\n\n\n\n<div style=\"height:30px\" aria-hidden=\"true\" class=\"wp-block-spacer\"><\/div>\n\n\n\n<p class=\"has-medium-font-size\">09.30 Messe p\u00e5 polsk (fra mai til september)<\/p>\n\n\n\n<p class=\"has-medium-font-size\">11.00 H\u00f8ymesse<\/p>\n\n\n\n<p class=\"has-medium-font-size\">12.05 Tilbedelse &#8211; hver 2. s\u00f8ndag i m\u00e5neden (Adoration of the Blessed Sacrament)<\/p>\n\n\n\n<p class=\"has-medium-font-size\">13.00 Messe p\u00e5 polsk (fra oktober til april)<\/p>\n\n\n\n<div style=\"height:30px\" aria-hidden=\"true\" class=\"wp-block-spacer\"><\/div>\n\n\n\n<hr class=\"wp-block-separator has-css-opacity\"\/>\n\n\n\n<div style=\"height:34px\" aria-hidden=\"true\" class=\"wp-block-spacer\"><\/div>\n\n\n\n<h4 class=\"wp-block-heading has-medium-font-size\">Mandager<\/h4>\n\n\n\n<p class=\"has-medium-font-size\">Ingen messe, men kirken er \u00e5pen for privat b\u00f8nn og refleksjon.<\/p>\n\n\n\n<div style=\"height:30px\" aria-hidden=\"true\" class=\"wp-block-spacer\"><\/div>\n\n\n\n<ul class=\"wp-block-list has-medium-font-size\"><\/ul>\n\n\n\n<hr class=\"wp-block-separator has-css-opacity\"\/>\n\n\n\n<div style=\"height:35px\" aria-hidden=\"true\" class=\"wp-block-spacer\"><\/div>\n\n\n\n<h4 class=\"wp-block-heading has-medium-font-size\">Tirsdager<\/h4>\n\n\n\n<p class=\"has-medium-font-size\">17.30  Rosenkrans<\/p>\n\n\n\n<p class=\"has-medium-font-size\">18.00  Messe <\/p>\n\n\n\n<div style=\"height:30px\" aria-hidden=\"true\" class=\"wp-block-spacer\"><\/div>\n\n\n\n<ul class=\"wp-block-list has-medium-font-size\"><\/ul>\n\n\n\n<hr class=\"wp-block-separator has-css-opacity\"\/>\n\n\n\n<div style=\"height:35px\" aria-hidden=\"true\" class=\"wp-block-spacer\"><\/div>\n\n\n\n<h4 class=\"wp-block-heading has-medium-font-size\">Onsdager<\/h4>\n\n\n\n<p class=\"has-medium-font-size\">17.30 Rosenkrans<\/p>\n\n\n\n<p class=\"has-medium-font-size\">18.00 Messe<\/p>\n\n\n\n<div style=\"height:30px\" aria-hidden=\"true\" class=\"wp-block-spacer\"><\/div>\n\n\n\n<ul class=\"wp-block-list has-medium-font-size\"><\/ul>\n\n\n\n<hr class=\"wp-block-separator has-css-opacity\"\/>\n\n\n\n<div style=\"height:35px\" aria-hidden=\"true\" class=\"wp-block-spacer\"><\/div>\n\n\n\n<h4 class=\"wp-block-heading has-medium-font-size\">T\u00f8rsdager<\/h4>\n\n\n\n<p class=\"has-medium-font-size\">17.30 Rosenkrans<\/p>\n\n\n\n<p class=\"has-medium-font-size\">18.00 Messe<\/p>\n\n\n\n<div style=\"height:30px\" aria-hidden=\"true\" class=\"wp-block-spacer\"><\/div>\n\n\n\n<ul class=\"wp-block-list has-medium-font-size\"><\/ul>\n\n\n\n<hr class=\"wp-block-separator has-css-opacity\"\/>\n\n\n\n<div style=\"height:35px\" aria-hidden=\"true\" class=\"wp-block-spacer\"><\/div>\n\n\n\n<h4 class=\"wp-block-heading has-medium-font-size\"><span style=\"color: #000000;\">Fredager<\/span><\/h4>\n\n\n\n<p class=\"has-medium-font-size\">17:00 Utstilling av den Hellige Sakrament (mulighet for Forsonning Sakrament)<\/p>\n\n\n\n<p class=\"has-medium-font-size\">17.30  Korsveien (i fastetiden)<\/p>\n\n\n\n<p class=\"has-medium-font-size\">18.00  Messe <\/p>\n\n\n\n<div style=\"height:30px\" aria-hidden=\"true\" class=\"wp-block-spacer\"><\/div>\n\n\n\n<ul class=\"wp-block-list has-medium-font-size\"><\/ul>\n\n\n\n<hr class=\"wp-block-separator has-css-opacity\"\/>\n\n\n\n<div style=\"height:36px\" aria-hidden=\"true\" class=\"wp-block-spacer\"><\/div>\n\n\n\n<h4 class=\"wp-block-heading has-medium-font-size\">L\u00f8rdager<\/h4>\n\n\n\n<p class=\"has-medium-font-size\">19.30 Eukaristi sammen med den neokatekumenale vandring gruppe.<\/p>\n\n\n\n<div style=\"height:30px\" aria-hidden=\"true\" class=\"wp-block-spacer\"><\/div>\n\n\n\n<ul class=\"wp-block-list has-medium-font-size\"><\/ul>\n\n\n\n<hr class=\"wp-block-separator has-css-opacity\"\/>\n\n\n\n<div style=\"height:34px\" aria-hidden=\"true\" class=\"wp-block-spacer\"><\/div>\n\n\n\n<h4 class=\"wp-block-heading has-text-align-center\"><\/h4>\n\n\n\n<p style=\"font-size:20px\"><strong>Ordin\u00e6re messetider for Surnadal<\/strong><\/p>\n\n\n\n<p class=\"has-medium-font-size\">Messene feires i&nbsp;<a href=\"http:\/\/www.katolsk.no\/organisasjon\/kart?US\" data-type=\"URL\" data-id=\"http:\/\/www.katolsk.no\/organisasjon\/kart?US\">Kyrkjelydshuset p\u00e5 Skei, B\u00e5rdshaugvegen 9, 6650 Surnadal<\/a><\/p>\n\n\n\n<p class=\"has-medium-font-size\">16:00 Messe &#8211; vanligvis 3. l\u00f8rdag i m\u00e5neden<\/p>\n\n\n\n<div style=\"height:30px\" aria-hidden=\"true\" class=\"wp-block-spacer\"><\/div>\n\n\n\n<hr class=\"wp-block-separator has-css-opacity\"\/>\n\n\n\n<div style=\"height:50px\" aria-hidden=\"true\" class=\"wp-block-spacer\"><\/div>\n\n\n\n<h4 class=\"wp-block-heading\" style=\"font-size:20px\"><strong>Messer p\u00e5 ukrainsk i den gresk-katolske ritus<\/strong><\/h4>\n\n\n\n<p class=\"has-medium-font-size\">Sjekk ut programmet her: <a href=\"https:\/\/kristiansund.katolsk.no\/?page_id=2751\">https:\/\/kristiansund.katolsk.no\/?page_id=2751<\/a><\/p>\n\n\n\n<p class=\"has-medium-font-size\">eller kontakt: p. Dariusz Buras 47672334<\/p>\n\n\n\n<hr class=\"wp-block-separator has-css-opacity\"\/>\n","protected":false},"excerpt":{"rendered":"<p>S\u00f8ndager 09.30 Messe p\u00e5 polsk (fra mai til september) 11.00 H\u00f8ymesse 12.05 Tilbedelse &#8211; hver 2. s\u00f8ndag i m\u00e5neden (Adoration of the Blessed Sacrament) 13.00 Messe p\u00e5 polsk (fra oktober til april) Mandager Ingen messe, men kirken er \u00e5pen for privat b\u00f8nn og refleksjon. Tirsdager 17.30 Rosenkrans 18.00 Messe Onsdager 17.30 Rosenkrans 18.00 Messe T\u00f8rsdager 17.30 Rosenkrans 18.00 Messe Fredager 17:00 Utstilling av den Hellige Sakrament (mulighet for Forsonning Sakrament) 17.30 Korsveien (i fastetiden) 18.00 Messe L\u00f8rdager 19.30 Eukaristi sammen med den neokatekumenale vandring gruppe. Ordin\u00e6re messetider for Surnadal Messene feires i&nbsp;Kyrkjelydshuset p\u00e5 Skei, B\u00e5rdshaugvegen 9, 6650 Surnadal 16:00 Messe&#8230; <\/p>\n","protected":false},"author":1,"featured_media":0,"parent":0,"menu_order":0,"comment_status":"closed","ping_status":"closed","template":"template-parts\/template-full-width.php","meta":{"footnotes":""},"class_list":["post-1685","page","type-page","status-publish","hentry"],"_links":{"self":[{"href":"https:\/\/kristiansund.katolsk.no\/index.php?rest_route=\/wp\/v2\/pages\/1685","targetHints":{"allow":["GET"]}}],"collection":[{"href":"https:\/\/kristiansund.katolsk.no\/index.php?rest_route=\/wp\/v2\/pages"}],"about":[{"href":"https:\/\/kristiansund.katolsk.no\/index.php?rest_route=\/wp\/v2\/types\/page"}],"author":[{"embeddable":true,"href":"https:\/\/kristiansund.katolsk.no\/index.php?rest_route=\/wp\/v2\/users\/1"}],"replies":[{"embeddable":true,"href":"https:\/\/kristiansund.katolsk.no\/index.php?rest_route=%2Fwp%2Fv2%2Fcomments&post=1685"}],"version-history":[{"count":58,"href":"https:\/\/kristiansund.katolsk.no\/index.php?rest_route=\/wp\/v2\/pages\/1685\/revisions"}],"predecessor-version":[{"id":3127,"href":"https:\/\/kristiansund.katolsk.no\/index.php?rest_route=\/wp\/v2\/pages\/1685\/revisions\/3127"}],"wp:attachment":[{"href":"https:\/\/kristiansund.katolsk.no\/index.php?rest_route=%2Fwp%2Fv2%2Fmedia&parent=1685"}],"curies":[{"name":"wp","href":"https:\/\/api.w.org\/{rel}","templated":true}]}}

<hr class="wp-block-separator has-css-opacity is-style-default"/>



<div style="height:35px" aria-hidden="true" class="wp-block-spacer"></div>



<h4 class="wp-block-heading has-vivid-red-color has-text-color has-medium-font-size">Søndager</h4>



<div style="height:30px" aria-hidden="true" class="wp-block-spacer"></div>



<p class="has-medium-font-size">09.30 Messe på polsk (fra mai til september)</p>



<p class="has-medium-font-size">11.00 Høymesse</p>



<p class="has-medium-font-size">12.05 Tilbedelse &#8211; hver 2. søndag i måneden (Adoration of the Blessed Sacrament)</p>



<p class="has-medium-font-size">13.00 Messe på polsk (fra oktober til april)</p>



<div style="height:30px" aria-hidden="true" class="wp-block-spacer"></div>



<hr class="wp-block-separator has-css-opacity"/>



<div style="height:34px" aria-hidden="true" class="wp-block-spacer"></div>



<h4 class="wp-block-heading has-medium-font-size">Mandager</h4>



<p class="has-medium-font-size">Ingen messe, men kirken er åpen for privat bønn og refleksjon.</p>



<div style="height:30px" aria-hidden="true" class="wp-block-spacer"></div>



<ul class="wp-block-list has-medium-font-size"></ul>



<hr class="wp-block-separator has-css-opacity"/>



<div style="height:35px" aria-hidden="true" class="wp-block-spacer"></div>



<h4 class="wp-block-heading has-medium-font-size">Tirsdager</h4>



<p class="has-medium-font-size">17.30  Rosenkrans</p>



<p class="has-medium-font-size">18.00  Messe </p>



<div style="height:30px" aria-hidden="true" class="wp-block-spacer"></div>



<ul class="wp-block-list has-medium-font-size"></ul>



<hr class="wp-block-separator has-css-opacity"/>



<div style="height:35px" aria-hidden="true" class="wp-block-spacer"></div>



<h4 class="wp-block-heading has-medium-font-size">Onsdager</h4>



<p class="has-medium-font-size">17.30 Rosenkrans</p>



<p class="has-medium-font-size">18.00 Messe</p>



<div style="height:30px" aria-hidden="true" class="wp-block-spacer"></div>



<ul class="wp-block-list has-medium-font-size"></ul>



<hr class="wp-block-separator has-css-opacity"/>



<div style="height:35px" aria-hidden="true" class="wp-block-spacer"></div>



<h4 class="wp-block-heading has-medium-font-size">Tørsdager</h4>



<p class="has-medium-font-size">17.30 Rosenkrans</p>



<p class="has-medium-font-size">18.00 Messe</p>



<div style="height:30px" aria-hidden="true" class="wp-block-spacer"></div>



<ul class="wp-block-list has-medium-font-size"></ul>



<hr class="wp-block-separator has-css-opacity"/>



<div style="height:35px" aria-hidden="true" class="wp-block-spacer"></div>



<h4 class="wp-block-heading has-medium-font-size"><span style="color: #000000;">Fredager</span></h4>



<p class="has-medium-font-size">17:00 Utstilling av den Hellige Sakrament (mulighet for Forsonning Sakrament)</p>



<p class="has-medium-font-size">17.30  Korsveien (i fastetiden)</p>



<p class="has-medium-font-size">18.00  Messe </p>



<div style="height:30px" aria-hidden="true" class="wp-block-spacer"></div>



<ul class="wp-block-list has-medium-font-size"></ul>



<hr class="wp-block-separator has-css-opacity"/>



<div style="height:36px" aria-hidden="true" class="wp-block-spacer"></div>



<h4 class="wp-block-heading has-medium-font-size">Lørdager</h4>



<p class="has-medium-font-size">19.30 Eukaristi sammen med den neokatekumenale vandring gruppe.</p>



<div style="height:30px" aria-hidden="true" class="wp-block-spacer"></div>



<ul class="wp-block-list has-medium-font-size"></ul>



<hr class="wp-block-separator has-css-opacity"/>



<div style="height:34px" aria-hidden="true" class="wp-block-spacer"></div>



<h4 class="wp-block-heading has-text-align-center"></h4>



<p style="font-size:20px"><strong>Ordinære messetider for Surnadal</strong></p>



<p class="has-medium-font-size">Messene feires i&nbsp;<a href="http://www.katolsk.no/organisasjon/kart?US" data-type="URL" data-id="http://www.katolsk.no/organisasjon/kart?US">Kyrkjelydshuset på Skei, Bårdshaugvegen 9, 6650 Surnadal</a></p>



<p class="has-medium-font-size">16:00 Messe &#8211; vanligvis 3. lørdag i måneden</p>



<div style="height:30px" aria-hidden="true" class="wp-block-spacer"></div>



<hr class="wp-block-separator has-css-opacity"/>



<div style="height:50px" aria-hidden="true" class="wp-block-spacer"></div>



<h4 class="wp-block-heading" style="font-size:20px"><strong>Messer på ukrainsk i den gresk-katolske ritus</strong></h4>



<p class="has-medium-font-size">Sjekk ut programmet her: <a href="https://kristiansund.katolsk.no/?page_id=2751">https://kristiansund.katolsk.no/?page_id=2751</a></p>



<p class="has-medium-font-size">eller kontakt: p. Dariusz Buras 47672334</p>



<hr class="wp-block-separator has-css-opacity"/>

<p>Søndager 09.30 Messe på polsk (fra mai til september) 11.00 Høymesse 12.05 Tilbedelse &#8211; hver 2. søndag i måneden (Adoration of the Blessed Sacrament) 13.00 Messe på polsk (fra oktober til april) Mandager Ingen messe, men kirken er åpen for privat bønn og refleksjon. Tirsdager 17.30 Rosenkrans 18.00 Messe Onsdager 17.30 Rosenkrans 18.00 Messe Tørsdager 17.30 Rosenkrans 18.00 Messe Fredager 17:00 Utstilling av den Hellige Sakrament (mulighet for Forsonning Sakrament) 17.30 Korsveien (i fastetiden) 18.00 Messe Lørdager 19.30 Eukaristi sammen med den neokatekumenale vandring gruppe. Ordinære messetider for Surnadal Messene feires i&nbsp;Kyrkjelydshuset på Skei, Bårdshaugvegen 9, 6650 Surnadal 16:00 Messe&#8230; </p>
